{"id":10106,"date":"2026-04-10T13:35:06","date_gmt":"2026-04-10T16:35:06","guid":{"rendered":"https:\/\/r85motos.cl\/r85\/?page_id=10106"},"modified":"2026-04-10T13:45:02","modified_gmt":"2026-04-10T16:45:02","slug":"yamaha-fz16-fzn150","status":"publish","type":"page","link":"https:\/\/r85motos.cl\/r85\/marcas\/servicio-tecnico-yamaha-motos\/yamaha-fz16-fzn150\/","title":{"rendered":"Yamaha FZ16 \/ FZN150"},"content":{"rendered":"\t\t<div data-elementor-type=\"wp-page\" data-elementor-id=\"10106\" class=\"elementor elementor-10106\" data-elementor-settings=\"[]\">\n\t\t\t\t\t\t<div class=\"elementor-inner\">\n\t\t\t\t\t\t\t<div class=\"elementor-section-wrap\">\n\t\t\t\t\t\t\t<section class=\"elementor-section elementor-top-section elementor-element elementor-element-3f01149 elementor-section-boxed elementor-section-height-default elementor-section-height-default\" data-id=\"3f01149\" data-element_type=\"section\">\n\t\t\t\t\t\t<div class=\"elementor-container elementor-column-gap-default\">\n\t\t\t\t\t\t\t<div class=\"elementor-row\">\n\t\t\t\t\t<div class=\"elementor-column elementor-col-100 elementor-top-column elementor-element elementor-element-342792f\" data-id=\"342792f\" data-element_type=\"column\">\n\t\t\t<div class=\"elementor-column-wrap elementor-element-populated\">\n\t\t\t\t\t\t\t<div class=\"elementor-widget-wrap\">\n\t\t\t\t\t\t<div class=\"elementor-element elementor-element-2f65b64 elementor-widget elementor-widget-autrics-title\" data-id=\"2f65b64\" data-element_type=\"widget\" data-widget_type=\"autrics-title.default\">\n\t\t\t\t<div class=\"elementor-widget-container\">\n\t\t\t              <div class=\"title-section-area\">\n\t           <h2 class=\"section-title\">\n                  Mantenciones <span>para Yamaha FZ-S \/ FZN150D-A<\/span>\t\t\t   <\/h2>\n      <\/div><!-- Section title -->\t\t\n       \n      \n    \t\t<\/div>\n\t\t\t\t<\/div>\n\t\t\t\t<div class=\"elementor-element elementor-element-ed6d9fe elementor-widget elementor-widget-woo-products-widgets-products\" data-id=\"ed6d9fe\" data-element_type=\"widget\" data-widget_type=\"woo-products-widgets-products.default\">\n\t\t\t\t<div class=\"elementor-widget-container\">\n\t\t\t<div class=\"elementor-woo-products-widgets-products woo-products-widgets\">\n<div class=\"woo-products-products woo-products-products--preset-1 col-row  woo-products-equal-cols\"><div class=\"woo-products-products__item col-desk-4\">\n\t<div class=\"woo-products-products__inner-box\">\n<div class=\"woo-products-product-thumbnail\">\n\t<a href=\"https:\/\/r85motos.cl\/r85\/tienda\/por-marca\/yamaha\/fz-2-0-fz-s-fi-fzn150d\/servicio-yamaha-fz-16-mantenimiento-12-000-km\/\" rel=\"bookmark\"><img loading=\"lazy\" decoding=\"async\" width=\"300\" height=\"300\" src=\"https:\/\/r85motos.cl\/r85\/wp-content\/uploads\/2020\/10\/Yamaha-fzs-kit-mantenimiento-1litro-proplus-300x300.jpg\" class=\"attachment-woocommerce_thumbnail size-woocommerce_thumbnail\" alt=\"\" srcset=\"https:\/\/r85motos.cl\/r85\/wp-content\/uploads\/2020\/10\/Yamaha-fzs-kit-mantenimiento-1litro-proplus-300x300.jpg 300w, https:\/\/r85motos.cl\/r85\/wp-content\/uploads\/2020\/10\/Yamaha-fzs-kit-mantenimiento-1litro-proplus-150x150.jpg 150w, https:\/\/r85motos.cl\/r85\/wp-content\/uploads\/2020\/10\/Yamaha-fzs-kit-mantenimiento-1litro-proplus-100x100.jpg 100w, https:\/\/r85motos.cl\/r85\/wp-content\/uploads\/2020\/10\/Yamaha-fzs-kit-mantenimiento-1litro-proplus.jpg 600w\" sizes=\"(max-width: 300px) 100vw, 300px\" \/><\/a>\n\t<div class=\"woo-products-product-img-overlay\"><\/div><\/div>\n<div class=\"woo-products-product-title\"><a href=\"https:\/\/r85motos.cl\/r85\/tienda\/por-marca\/yamaha\/fz-2-0-fz-s-fi-fzn150d\/servicio-yamaha-fz-16-mantenimiento-12-000-km\/\" rel=\"bookmark\">Yamaha FZ 2.0 \/ FZ-S FI \/ FZN150D-A &#8211; Servicio de mantenimiento amplio (cada 12.000 km)<\/a><\/div>\n\n<div class=\"woo-products-product-price\"><span class=\"woocommerce-Price-amount amount\"><bdi><span class=\"woocommerce-Price-currencySymbol\">&#36;<\/span>91.000<\/bdi><\/span><\/div><\/div>\n<\/div><div class=\"woo-products-products__item col-desk-4\">\n\t<div class=\"woo-products-products__inner-box\">\n<div class=\"woo-products-product-thumbnail\">\n\t<a href=\"https:\/\/r85motos.cl\/r85\/tienda\/por-marca\/yamaha\/fz-2-0-fz-s-fi-fzn150d\/yamaha-fz-2-0-fz-s-fi-fzn150d-a-servicio-de-mantenimiento-habitual-1-000-km-y-cada-3-000-km\/\" rel=\"bookmark\"><img loading=\"lazy\" decoding=\"async\" width=\"300\" height=\"300\" src=\"https:\/\/r85motos.cl\/r85\/wp-content\/uploads\/2026\/04\/mantenimiento-fzs-3000-km-proplus-300x300.jpg\" class=\"attachment-woocommerce_thumbnail size-woocommerce_thumbnail\" alt=\"\" srcset=\"https:\/\/r85motos.cl\/r85\/wp-content\/uploads\/2026\/04\/mantenimiento-fzs-3000-km-proplus-300x300.jpg 300w, https:\/\/r85motos.cl\/r85\/wp-content\/uploads\/2026\/04\/mantenimiento-fzs-3000-km-proplus-150x150.jpg 150w, https:\/\/r85motos.cl\/r85\/wp-content\/uploads\/2026\/04\/mantenimiento-fzs-3000-km-proplus-100x100.jpg 100w, https:\/\/r85motos.cl\/r85\/wp-content\/uploads\/2026\/04\/mantenimiento-fzs-3000-km-proplus.jpg 600w\" sizes=\"(max-width: 300px) 100vw, 300px\" \/><\/a>\n\t<div class=\"woo-products-product-img-overlay\"><\/div><\/div>\n<div class=\"woo-products-product-title\"><a href=\"https:\/\/r85motos.cl\/r85\/tienda\/por-marca\/yamaha\/fz-2-0-fz-s-fi-fzn150d\/yamaha-fz-2-0-fz-s-fi-fzn150d-a-servicio-de-mantenimiento-habitual-1-000-km-y-cada-3-000-km\/\" rel=\"bookmark\">Yamaha FZ 2.0 \/ FZ-S FI \/ FZN150D-A &#8211; Servicio de mantenimiento habitual (1.000 km y cada 3.000 km)<\/a><\/div>\n\n<div class=\"woo-products-product-price\"><span class=\"woocommerce-Price-amount amount\"><bdi><span class=\"woocommerce-Price-currencySymbol\">&#36;<\/span>54.000<\/bdi><\/span><\/div><\/div>\n<\/div><\/div>\n<\/div>\t\t<\/div>\n\t\t\t\t<\/div>\n\t\t\t\t<div class=\"elementor-element elementor-element-a0b2dec elementor-widget elementor-widget-autrics-title\" data-id=\"a0b2dec\" data-element_type=\"widget\" data-widget_type=\"autrics-title.default\">\n\t\t\t\t<div class=\"elementor-widget-container\">\n\t\t\t              <div class=\"title-section-area\">\n\t           <h2 class=\"section-title\">\n                  Detalle de servicios <span>para Yamaha FZ-S FI \/ FZN150D-A<\/span>\t\t\t   <\/h2>\n      <\/div><!-- Section title -->\t\t\n       \n      \n    \t\t<\/div>\n\t\t\t\t<\/div>\n\t\t\t\t<div class=\"elementor-element elementor-element-d2be273 elementor-widget elementor-widget-text-editor\" data-id=\"d2be273\" data-element_type=\"widget\" data-widget_type=\"text-editor.default\">\n\t\t\t\t<div class=\"elementor-widget-container\">\n\t\t\t\t\t<div class=\"elementor-text-editor elementor-clearfix\"><p>Para realizar la correcta <b>mantenci\u00f3n<\/b>, manutenci\u00f3n o mantenimiento de tu motocicleta <b>Yamaha FZ-S FI \/ FZN150D-A<\/b>\u00a0utilizamos al manual del propietario o manual de usuario.\u00a0<span style=\"color: var( --e-global-color-text );\">Nuestro servicio t\u00e9cnico, taller mec\u00e1nico de motos ofrece<\/span><span style=\"color: var( --e-global-color-text );\">\u00a0<\/span><span style=\"color: var( --e-global-color-text ); font-weight: bold;\">mantenci\u00f3n por kilometraje<\/span><span style=\"color: var( --e-global-color-text );\">. Todos los servicios que ver\u00e1 a continuaci\u00f3n\u00a0<\/span><span style=\"color: var( --e-global-color-text ); font-weight: bolder;\">incluyen repuestos y mano de obra<\/span><span style=\"color: var( --e-global-color-text );\">, con los mejores tiempos de respuesta que podr\u00e1s encontrar.<\/span><\/p><\/div>\n\t\t\t\t<\/div>\n\t\t\t\t<\/div>\n\t\t\t\t<div class=\"elementor-element elementor-element-0d06a0f elementor-widget elementor-widget-accordion\" data-id=\"0d06a0f\" data-element_type=\"widget\" data-widget_type=\"accordion.default\">\n\t\t\t\t<div class=\"elementor-widget-container\">\n\t\t\t\t\t<div class=\"elementor-accordion\" role=\"tablist\">\n\t\t\t\t\t\t\t<div class=\"elementor-accordion-item\">\n\t\t\t\t\t<div id=\"elementor-tab-title-1361\" class=\"elementor-tab-title\" data-tab=\"1\" role=\"tab\" aria-controls=\"elementor-tab-content-1361\">\n\t\t\t\t\t\t\t\t\t\t\t\t\t<span class=\"elementor-accordion-icon elementor-accordion-icon-left\" aria-hidden=\"true\">\n\t\t\t\t\t\t\t\t\t\t\t\t\t\t\t<span class=\"elementor-accordion-icon-closed\"><i class=\"fas fa-plus\"><\/i><\/span>\n\t\t\t\t\t\t\t\t<span class=\"elementor-accordion-icon-opened\"><i class=\"fas fa-minus\"><\/i><\/span>\n\t\t\t\t\t\t\t\t\t\t\t\t\t\t<\/span>\n\t\t\t\t\t\t\t\t\t\t\t\t<a class=\"elementor-accordion-title\" href=\"\">\u00bfQu\u00e9 servicios realizamos para Yamaha FZ-S FI \/ FZN150D-A?<\/a>\n\t\t\t\t\t<\/div>\n\t\t\t\t\t<div id=\"elementor-tab-content-1361\" class=\"elementor-tab-content elementor-clearfix\" data-tab=\"1\" role=\"tabpanel\" aria-labelledby=\"elementor-tab-title-1361\"><div>Para la moto <b>Yamaha FZ-S \/ FZN150D-A<\/b>\u00a0tenemos experiencia en los siguientes servicios:<\/div><div>\u00a0<\/div><ul><li><a href=\"https:\/\/r85motos.cl\/r85\/tienda\/por-marca\/yamaha\/fz-2-0-fz-s-fi-fzn150d\/yamaha-fz-2-0-fz-s-fi-fzn150d-a-servicio-de-mantenimiento-habitual-1-000-km-y-cada-3-000-km\/\">Mantenci\u00f3n por kilometraje.<\/a><\/li><li>Cambio de kit de arrastre o transmisi\u00f3n.<\/li><li>Cambio de pastillas de frenos.<\/li><li>Cambio de retenes y aceite de telesc\u00f3pica.<\/li><\/ul><\/div>\n\t\t\t\t<\/div>\n\t\t\t\t\t\t\t<div class=\"elementor-accordion-item\">\n\t\t\t\t\t<div id=\"elementor-tab-title-1362\" class=\"elementor-tab-title\" data-tab=\"2\" role=\"tab\" aria-controls=\"elementor-tab-content-1362\">\n\t\t\t\t\t\t\t\t\t\t\t\t\t<span class=\"elementor-accordion-icon elementor-accordion-icon-left\" aria-hidden=\"true\">\n\t\t\t\t\t\t\t\t\t\t\t\t\t\t\t<span class=\"elementor-accordion-icon-closed\"><i class=\"fas fa-plus\"><\/i><\/span>\n\t\t\t\t\t\t\t\t<span class=\"elementor-accordion-icon-opened\"><i class=\"fas fa-minus\"><\/i><\/span>\n\t\t\t\t\t\t\t\t\t\t\t\t\t\t<\/span>\n\t\t\t\t\t\t\t\t\t\t\t\t<a class=\"elementor-accordion-title\" href=\"\">\u00bfTienen garant\u00eda los servicios de mantenci\u00f3n y reparaci\u00f3n?<\/a>\n\t\t\t\t\t<\/div>\n\t\t\t\t\t<div id=\"elementor-tab-content-1362\" class=\"elementor-tab-content elementor-clearfix\" data-tab=\"2\" role=\"tabpanel\" aria-labelledby=\"elementor-tab-title-1362\"><p>Los servicios de mantenimiento tienen garant\u00eda de satisfacci\u00f3n, frente a cualquier inconveniente realizamos lo necesario para que est\u00e9s satisfecho con el servicio de mantenci\u00f3n. Para el ajuste de medio motor tiene una garant\u00eda de 1.000 km, recuerda que debes cumplir con las condiciones de manejo durante el rodaje.<\/p><\/div>\n\t\t\t\t<\/div>\n\t\t\t\t\t\t\t<div class=\"elementor-accordion-item\">\n\t\t\t\t\t<div id=\"elementor-tab-title-1363\" class=\"elementor-tab-title\" data-tab=\"3\" role=\"tab\" aria-controls=\"elementor-tab-content-1363\">\n\t\t\t\t\t\t\t\t\t\t\t\t\t<span class=\"elementor-accordion-icon elementor-accordion-icon-left\" aria-hidden=\"true\">\n\t\t\t\t\t\t\t\t\t\t\t\t\t\t\t<span class=\"elementor-accordion-icon-closed\"><i class=\"fas fa-plus\"><\/i><\/span>\n\t\t\t\t\t\t\t\t<span class=\"elementor-accordion-icon-opened\"><i class=\"fas fa-minus\"><\/i><\/span>\n\t\t\t\t\t\t\t\t\t\t\t\t\t\t<\/span>\n\t\t\t\t\t\t\t\t\t\t\t\t<a class=\"elementor-accordion-title\" href=\"\">Necesito ayuda para identificar lo que necesita mi moto<\/a>\n\t\t\t\t\t<\/div>\n\t\t\t\t\t<div id=\"elementor-tab-content-1363\" class=\"elementor-tab-content elementor-clearfix\" data-tab=\"3\" role=\"tabpanel\" aria-labelledby=\"elementor-tab-title-1363\"><p>Si presentas un problema con tu motocicleta, o tienes dudas para identificar el mantenimiento necesario para tu moto. Habla directamente con nuestro encargado de taller por whatsapp para asesorarte en lo que necesitas haciendo. <a href=\"#preevaluacion\">Solicita una pre-evaluaci\u00f3n aqu\u00ed<\/a><\/p><p>\u00a0<\/p><\/div>\n\t\t\t\t<\/div>\n\t\t\t\t\t<\/div>\n\t\t\t\t<\/div>\n\t\t\t\t<\/div>\n\t\t\t\t\t\t<\/div>\n\t\t\t\t\t<\/div>\n\t\t<\/div>\n\t\t\t\t\t\t\t\t<\/div>\n\t\t\t\t\t<\/div>\n\t\t<\/section>\n\t\t\t\t\t\t<\/div>\n\t\t\t\t\t\t<\/div>\n\t\t\t\t\t<\/div>\n\t\t","protected":false},"excerpt":{"rendered":"<p>Mantenciones para Yamaha FZ-S \/ FZN150D-A Yamaha FZ 2.0 \/ FZ-S FI \/ FZN150D-A &#8211; Servicio de mantenimiento amplio (cada 12.000 km) &#36;91.000 Yamaha FZ 2.0 \/ FZ-S FI \/ FZN150D-A &#8211; Servicio de mantenimiento habitual (1.000 km y cada 3.000 km) &#36;54.000 Detalle de servicios para Yamaha FZ-S FI \/ FZN150D-A Para realizar la [&hellip;]<\/p>\n","protected":false},"author":1,"featured_media":0,"parent":2446,"menu_order":0,"comment_status":"closed","ping_status":"closed","template":"template\/full-width-template.php","meta":{"footnotes":""},"yoast_head":"<!-- This site is optimized with the Yoast SEO plugin v24.0 - https:\/\/yoast.com\/wordpress\/plugins\/seo\/ -->\n<title>Yamaha FZ16 \/ FZN150 - R85 Motos<\/title>\n<meta name=\"robots\" content=\"index, follow, max-snippet:-1, max-image-preview:large, max-video-preview:-1\" \/>\n<link rel=\"canonical\" href=\"https:\/\/r85motos.cl\/r85\/marcas\/servicio-tecnico-yamaha-motos\/yamaha-fz16-fzn150\/\" \/>\n<meta property=\"og:locale\" content=\"es_ES\" \/>\n<meta property=\"og:type\" content=\"article\" \/>\n<meta property=\"og:title\" content=\"Yamaha FZ16 \/ FZN150 - R85 Motos\" \/>\n<meta property=\"og:description\" content=\"Mantenciones para Yamaha FZ-S \/ FZN150D-A Yamaha FZ 2.0 \/ FZ-S FI \/ FZN150D-A &#8211; Servicio de mantenimiento amplio (cada 12.000 km) &#036;91.000 Yamaha FZ 2.0 \/ FZ-S FI \/ FZN150D-A &#8211; Servicio de mantenimiento habitual (1.000 km y cada 3.000 km) &#036;54.000 Detalle de servicios para Yamaha FZ-S FI \/ FZN150D-A Para realizar la [&hellip;]\" \/>\n<meta property=\"og:url\" content=\"https:\/\/r85motos.cl\/r85\/marcas\/servicio-tecnico-yamaha-motos\/yamaha-fz16-fzn150\/\" \/>\n<meta property=\"og:site_name\" content=\"R85 Motos\" \/>\n<meta property=\"article:publisher\" content=\"https:\/\/www.facebook.com\/R85Motos\" \/>\n<meta property=\"article:modified_time\" content=\"2026-04-10T16:45:02+00:00\" \/>\n<meta property=\"og:image\" content=\"https:\/\/r85motos.cl\/r85\/wp-content\/uploads\/2020\/10\/Yamaha-fzs-kit-mantenimiento-1litro-proplus-300x300.jpg\" \/>\n<meta name=\"twitter:card\" content=\"summary_large_image\" \/>\n<meta name=\"twitter:label1\" content=\"Tiempo de lectura\" \/>\n\t<meta name=\"twitter:data1\" content=\"2 minutos\" \/>\n<script type=\"application\/ld+json\" class=\"yoast-schema-graph\">{\"@context\":\"https:\/\/schema.org\",\"@graph\":[{\"@type\":\"WebPage\",\"@id\":\"https:\/\/r85motos.cl\/r85\/marcas\/servicio-tecnico-yamaha-motos\/yamaha-fz16-fzn150\/\",\"url\":\"https:\/\/r85motos.cl\/r85\/marcas\/servicio-tecnico-yamaha-motos\/yamaha-fz16-fzn150\/\",\"name\":\"Yamaha FZ16 \/ FZN150 - R85 Motos\",\"isPartOf\":{\"@id\":\"https:\/\/r85motos.cl\/r85\/#website\"},\"primaryImageOfPage\":{\"@id\":\"https:\/\/r85motos.cl\/r85\/marcas\/servicio-tecnico-yamaha-motos\/yamaha-fz16-fzn150\/#primaryimage\"},\"image\":{\"@id\":\"https:\/\/r85motos.cl\/r85\/marcas\/servicio-tecnico-yamaha-motos\/yamaha-fz16-fzn150\/#primaryimage\"},\"thumbnailUrl\":\"https:\/\/r85motos.cl\/r85\/wp-content\/uploads\/2020\/10\/Yamaha-fzs-kit-mantenimiento-1litro-proplus-300x300.jpg\",\"datePublished\":\"2026-04-10T16:35:06+00:00\",\"dateModified\":\"2026-04-10T16:45:02+00:00\",\"breadcrumb\":{\"@id\":\"https:\/\/r85motos.cl\/r85\/marcas\/servicio-tecnico-yamaha-motos\/yamaha-fz16-fzn150\/#breadcrumb\"},\"inLanguage\":\"es\",\"potentialAction\":[{\"@type\":\"ReadAction\",\"target\":[\"https:\/\/r85motos.cl\/r85\/marcas\/servicio-tecnico-yamaha-motos\/yamaha-fz16-fzn150\/\"]}]},{\"@type\":\"ImageObject\",\"inLanguage\":\"es\",\"@id\":\"https:\/\/r85motos.cl\/r85\/marcas\/servicio-tecnico-yamaha-motos\/yamaha-fz16-fzn150\/#primaryimage\",\"url\":\"https:\/\/r85motos.cl\/r85\/wp-content\/uploads\/2020\/10\/Yamaha-fzs-kit-mantenimiento-1litro-proplus.jpg\",\"contentUrl\":\"https:\/\/r85motos.cl\/r85\/wp-content\/uploads\/2020\/10\/Yamaha-fzs-kit-mantenimiento-1litro-proplus.jpg\",\"width\":600,\"height\":600},{\"@type\":\"BreadcrumbList\",\"@id\":\"https:\/\/r85motos.cl\/r85\/marcas\/servicio-tecnico-yamaha-motos\/yamaha-fz16-fzn150\/#breadcrumb\",\"itemListElement\":[{\"@type\":\"ListItem\",\"position\":1,\"name\":\"Inicio\",\"item\":\"https:\/\/r85motos.cl\/r85\/\"},{\"@type\":\"ListItem\",\"position\":2,\"name\":\"Marcas\",\"item\":\"https:\/\/r85motos.cl\/r85\/marcas\/\"},{\"@type\":\"ListItem\",\"position\":3,\"name\":\"Servicio t\u00e9cnico Yamaha\",\"item\":\"https:\/\/r85motos.cl\/r85\/marcas\/servicio-tecnico-yamaha-motos\/\"},{\"@type\":\"ListItem\",\"position\":4,\"name\":\"Yamaha FZ16 \/ FZN150\"}]},{\"@type\":\"WebSite\",\"@id\":\"https:\/\/r85motos.cl\/r85\/#website\",\"url\":\"https:\/\/r85motos.cl\/r85\/\",\"name\":\"R85 Motos\",\"description\":\"Taller mec\u00e1nico de motos y servicio a domicilio\",\"publisher\":{\"@id\":\"https:\/\/r85motos.cl\/r85\/#organization\"},\"potentialAction\":[{\"@type\":\"SearchAction\",\"target\":{\"@type\":\"EntryPoint\",\"urlTemplate\":\"https:\/\/r85motos.cl\/r85\/?s={search_term_string}\"},\"query-input\":{\"@type\":\"PropertyValueSpecification\",\"valueRequired\":true,\"valueName\":\"search_term_string\"}}],\"inLanguage\":\"es\"},{\"@type\":\"Organization\",\"@id\":\"https:\/\/r85motos.cl\/r85\/#organization\",\"name\":\"R85 Motos Spa\",\"url\":\"https:\/\/r85motos.cl\/r85\/\",\"logo\":{\"@type\":\"ImageObject\",\"inLanguage\":\"es\",\"@id\":\"https:\/\/r85motos.cl\/r85\/#\/schema\/logo\/image\/\",\"url\":\"https:\/\/r85motos.cl\/r85\/wp-content\/uploads\/2019\/11\/Captura-de-pantalla-de-2019-11-04-16-48-35-e1572919537689.png\",\"contentUrl\":\"https:\/\/r85motos.cl\/r85\/wp-content\/uploads\/2019\/11\/Captura-de-pantalla-de-2019-11-04-16-48-35-e1572919537689.png\",\"width\":300,\"height\":147,\"caption\":\"R85 Motos Spa\"},\"image\":{\"@id\":\"https:\/\/r85motos.cl\/r85\/#\/schema\/logo\/image\/\"},\"sameAs\":[\"https:\/\/www.facebook.com\/R85Motos\",\"https:\/\/www.instagram.com\/r85motos\/\",\"https:\/\/www.youtube.com\/channel\/UCoNJWiikfABGb-w1m60BWpQ\"]}]}<\/script>\n<!-- \/ Yoast SEO plugin. -->","yoast_head_json":{"title":"Yamaha FZ16 \/ FZN150 - R85 Motos","robots":{"index":"index","follow":"follow","max-snippet":"max-snippet:-1","max-image-preview":"max-image-preview:large","max-video-preview":"max-video-preview:-1"},"canonical":"https:\/\/r85motos.cl\/r85\/marcas\/servicio-tecnico-yamaha-motos\/yamaha-fz16-fzn150\/","og_locale":"es_ES","og_type":"article","og_title":"Yamaha FZ16 \/ FZN150 - R85 Motos","og_description":"Mantenciones para Yamaha FZ-S \/ FZN150D-A Yamaha FZ 2.0 \/ FZ-S FI \/ FZN150D-A &#8211; Servicio de mantenimiento amplio (cada 12.000 km) &#36;91.000 Yamaha FZ 2.0 \/ FZ-S FI \/ FZN150D-A &#8211; Servicio de mantenimiento habitual (1.000 km y cada 3.000 km) &#36;54.000 Detalle de servicios para Yamaha FZ-S FI \/ FZN150D-A Para realizar la [&hellip;]","og_url":"https:\/\/r85motos.cl\/r85\/marcas\/servicio-tecnico-yamaha-motos\/yamaha-fz16-fzn150\/","og_site_name":"R85 Motos","article_publisher":"https:\/\/www.facebook.com\/R85Motos","article_modified_time":"2026-04-10T16:45:02+00:00","og_image":[{"url":"https:\/\/r85motos.cl\/r85\/wp-content\/uploads\/2020\/10\/Yamaha-fzs-kit-mantenimiento-1litro-proplus-300x300.jpg","type":"","width":"","height":""}],"twitter_card":"summary_large_image","twitter_misc":{"Tiempo de lectura":"2 minutos"},"schema":{"@context":"https:\/\/schema.org","@graph":[{"@type":"WebPage","@id":"https:\/\/r85motos.cl\/r85\/marcas\/servicio-tecnico-yamaha-motos\/yamaha-fz16-fzn150\/","url":"https:\/\/r85motos.cl\/r85\/marcas\/servicio-tecnico-yamaha-motos\/yamaha-fz16-fzn150\/","name":"Yamaha FZ16 \/ FZN150 - R85 Motos","isPartOf":{"@id":"https:\/\/r85motos.cl\/r85\/#website"},"primaryImageOfPage":{"@id":"https:\/\/r85motos.cl\/r85\/marcas\/servicio-tecnico-yamaha-motos\/yamaha-fz16-fzn150\/#primaryimage"},"image":{"@id":"https:\/\/r85motos.cl\/r85\/marcas\/servicio-tecnico-yamaha-motos\/yamaha-fz16-fzn150\/#primaryimage"},"thumbnailUrl":"https:\/\/r85motos.cl\/r85\/wp-content\/uploads\/2020\/10\/Yamaha-fzs-kit-mantenimiento-1litro-proplus-300x300.jpg","datePublished":"2026-04-10T16:35:06+00:00","dateModified":"2026-04-10T16:45:02+00:00","breadcrumb":{"@id":"https:\/\/r85motos.cl\/r85\/marcas\/servicio-tecnico-yamaha-motos\/yamaha-fz16-fzn150\/#breadcrumb"},"inLanguage":"es","potentialAction":[{"@type":"ReadAction","target":["https:\/\/r85motos.cl\/r85\/marcas\/servicio-tecnico-yamaha-motos\/yamaha-fz16-fzn150\/"]}]},{"@type":"ImageObject","inLanguage":"es","@id":"https:\/\/r85motos.cl\/r85\/marcas\/servicio-tecnico-yamaha-motos\/yamaha-fz16-fzn150\/#primaryimage","url":"https:\/\/r85motos.cl\/r85\/wp-content\/uploads\/2020\/10\/Yamaha-fzs-kit-mantenimiento-1litro-proplus.jpg","contentUrl":"https:\/\/r85motos.cl\/r85\/wp-content\/uploads\/2020\/10\/Yamaha-fzs-kit-mantenimiento-1litro-proplus.jpg","width":600,"height":600},{"@type":"BreadcrumbList","@id":"https:\/\/r85motos.cl\/r85\/marcas\/servicio-tecnico-yamaha-motos\/yamaha-fz16-fzn150\/#breadcrumb","itemListElement":[{"@type":"ListItem","position":1,"name":"Inicio","item":"https:\/\/r85motos.cl\/r85\/"},{"@type":"ListItem","position":2,"name":"Marcas","item":"https:\/\/r85motos.cl\/r85\/marcas\/"},{"@type":"ListItem","position":3,"name":"Servicio t\u00e9cnico Yamaha","item":"https:\/\/r85motos.cl\/r85\/marcas\/servicio-tecnico-yamaha-motos\/"},{"@type":"ListItem","position":4,"name":"Yamaha FZ16 \/ FZN150"}]},{"@type":"WebSite","@id":"https:\/\/r85motos.cl\/r85\/#website","url":"https:\/\/r85motos.cl\/r85\/","name":"R85 Motos","description":"Taller mec\u00e1nico de motos y servicio a domicilio","publisher":{"@id":"https:\/\/r85motos.cl\/r85\/#organization"},"potentialAction":[{"@type":"SearchAction","target":{"@type":"EntryPoint","urlTemplate":"https:\/\/r85motos.cl\/r85\/?s={search_term_string}"},"query-input":{"@type":"PropertyValueSpecification","valueRequired":true,"valueName":"search_term_string"}}],"inLanguage":"es"},{"@type":"Organization","@id":"https:\/\/r85motos.cl\/r85\/#organization","name":"R85 Motos Spa","url":"https:\/\/r85motos.cl\/r85\/","logo":{"@type":"ImageObject","inLanguage":"es","@id":"https:\/\/r85motos.cl\/r85\/#\/schema\/logo\/image\/","url":"https:\/\/r85motos.cl\/r85\/wp-content\/uploads\/2019\/11\/Captura-de-pantalla-de-2019-11-04-16-48-35-e1572919537689.png","contentUrl":"https:\/\/r85motos.cl\/r85\/wp-content\/uploads\/2019\/11\/Captura-de-pantalla-de-2019-11-04-16-48-35-e1572919537689.png","width":300,"height":147,"caption":"R85 Motos Spa"},"image":{"@id":"https:\/\/r85motos.cl\/r85\/#\/schema\/logo\/image\/"},"sameAs":["https:\/\/www.facebook.com\/R85Motos","https:\/\/www.instagram.com\/r85motos\/","https:\/\/www.youtube.com\/channel\/UCoNJWiikfABGb-w1m60BWpQ"]}]}},"_links":{"self":[{"href":"https:\/\/r85motos.cl\/r85\/wp-json\/wp\/v2\/pages\/10106"}],"collection":[{"href":"https:\/\/r85motos.cl\/r85\/wp-json\/wp\/v2\/pages"}],"about":[{"href":"https:\/\/r85motos.cl\/r85\/wp-json\/wp\/v2\/types\/page"}],"author":[{"embeddable":true,"href":"https:\/\/r85motos.cl\/r85\/wp-json\/wp\/v2\/users\/1"}],"replies":[{"embeddable":true,"href":"https:\/\/r85motos.cl\/r85\/wp-json\/wp\/v2\/comments?post=10106"}],"version-history":[{"count":7,"href":"https:\/\/r85motos.cl\/r85\/wp-json\/wp\/v2\/pages\/10106\/revisions"}],"predecessor-version":[{"id":10116,"href":"https:\/\/r85motos.cl\/r85\/wp-json\/wp\/v2\/pages\/10106\/revisions\/10116"}],"up":[{"embeddable":true,"href":"https:\/\/r85motos.cl\/r85\/wp-json\/wp\/v2\/pages\/2446"}],"wp:attachment":[{"href":"https:\/\/r85motos.cl\/r85\/wp-json\/wp\/v2\/media?parent=10106"}],"curies":[{"name":"wp","href":"https:\/\/api.w.org\/{rel}","templated":true}]}}